erivative of -s**6/360 - 7*s**5/120 - s**3/3 + 2*s**2. Let y(v) be the first derivative of m(v). Let d = -18 + 12. What is y(d)?
6
Let b(w) = -w**2 + 2*w + 4. Suppose -4*d + 72 = -4*f, 3*d + 4*f - 4 - 29 = 0. Suppose d = 3*s + 3. Calculate b(s).
-4
Let f be ((-42)/10)/((-1)/5). Suppose 26 = 2*y + 5*z, -2*z + f = 3*y + z. Suppose y = 2*n - w - 2, 0 = -5*n + 2*w + 10. Let q(r) = r + 8. Calculate q(n).
8
Let w(c) = -c + 5*c**2 - c**3 - 2*c - 8 + 2*c. Let g be w(4). Let b(r) = r**3 + 1 + r**2 - 5*r**2 - 4. Determine b(g).
-3
Let h(a) = -2*a**2 + 3*a - 10. Let r(z) = -5*z**2 + 10*z - 30. Let d(n) = 8*h(n) - 3*r(n). Give d(-7).
3
Suppose -4*m - 20 = m. Let v = m + 6. Let c(j) be the first derivative of j**3/3 - 2*j + 1. Give c(v).
2
Suppose 5*v + 12 = -23. Let m(d) = d**2 + 7*d - 7. Determine m(v).
-7
Let c be (1 + -3)*5/(-10). Let v(a) = 6*a**3 - 3*a**2 + a - 3. Let z(w) = -11*w**3 + 7*w**2 - 2*w + 7. Let j(n) = 5*v(n) + 2*z(n). Give j(c).
7
Let u(d) = d**2 - 6*d + 6. Let x be u(1). Suppose 15 = 3*h - 6. Let b(v) = -2 - 7*v + v**2 + h - x. What is b(5)?
-6
Let z = 8 - 4. Let a(r) be the third derivative of 5*r**4/24 + 2*r**3/3 + 3*r**2. Let k(n) = -11*n - 8. Let p(x) = 9*a(x) + 4*k(x). What is p(z)?
8
Let w(i) be the third derivative of i**6/120 - i**5/60 + i**3 + 24*i**2 + 1. What is w(0)?
6
Let v(g) = 5*g**2 - g. Let d be v(-1). Let j(y) = 13*y - 8. Let k(s) = 11*s - 8. Let h(r) = 4*j(r) - 5*k(r). Determine h(d).
-10
Let t(i) be the first derivative of -3*i**2/2 + 2*i + 25. What is t(2)?
-4
Let n(h) = h**2 + h + 4. Let z be n(0). Suppose -5*d = -j - z*j, -5*d - 8 = -j. Let b(x) = -x - 3. What is b(j)?
-1
Let j be 0 + -1 - 18/(-6). Let g(q) = q**2 - q. What is g(j)?
2
Let n(p) be the second derivative of -p**4/12 - 2*p**3/3 + 7*p**2/2 - 2*p. What is n(-5)?
2
Let f(z) = -2*z - 16*z**3 + z + 5*z**3 + 7*z**3. Give f(-1).
5
Let x(o) be the first derivative of o**3/3 + 9*o**2/2 + 2*o + 25. Calculate x(-7).
-12
Let s(z) = -2*z**2 - z - 5. Let r(p) = -p**2 - 3. Let d(v) = -5*r(v) + 3*s(v). Let w(c) = 2*c - 35. Let q be w(16). Determine d(q).
0
Let f(i) = -i. Let o(b) = -b + 1. Let d(z) = -f(z) - 2*o(z). Give d(5).
13
Suppose 4*p = 5*n + 46, -n + 2 = -p + 3*p. Let i(f) = 3*f + 8. What is i(n)?
-10
Let c(b) = -4*b. Let o = 1 + 2. Suppose -o*r - 4 = -4*r - f, 4*r = -5*f + 21. Determine c(r).
4
Let z(d) = -d**2 + 5*d. Let m = -68 - 37. Let q be (-168)/m*(-5)/(-2). Calculate z(q).
4
Let d(p) be the first derivative of p**3/3 + 3*p**2 + 3*p - 16. Give d(-5).
-2
Let l(g) be the second derivative of -g**3/6 + g**2 + 19*g. What is l(7)?
-5
Suppose 0*q = 4*q - 4. Suppose -2*l + 3 = q. Let c(o) = 5*o**2 + 2*o - 1. Calculate c(l).
6
Let f(z) = 5*z + 5. Let r(b) = b. Let d(m) = -f(m) + 4*r(m). Give d(-6).
1
Let l(y) = -4*y - 6. Suppose 3*u - 2*q + 14 = 0, -4*u + u - 8 = 4*q. What is l(u)?
10
Let q(r) = r**3 + 4*r**2 - 5*r + 5. Suppose -5*t = 3*x - 2*x - 52, 3*t - 18 = -5*x. Suppose -3*z = 4 + t. Determine q(z).
5
Let v(k) = 3*k**3 + 6 - 4*k**3 - 5 + 4*k**3 - 2*k**2. Let u be (-6)/(-9) + 4/(-6). Let g be 4 + -3 + u + 0. Determine v(g).
2
Let m(d) be the second derivative of -d**5/20 + d**4/3 + d**3 + d**2/2 - 2*d. Determine m(5).
6
Suppose -q + 19 = -0*q - 5*k, 0 = 4*k + 16. Let y(p) = -13*p**2 - p. Determine y(q).
-12
Let v(l) = -l**2 - 4*l + 4. Suppose d = -4*n - 6 - 15, -n - 3 = d. Calculate v(n).
-8
Let n(t) be the third derivative of -t**6/120 - t**5/12 + t**4/6 - 7*t**3/6 - t**2. Let p be n(-6). Let w(x) = p - 2*x**2 + 3*x - 5. Give w(2).
-2
Let r(d) = -1 + d**3 - d - 5*d**2 + 3 - 3*d + 5*d. Determine r(4).
-10
Let p = -2 + -3. Let b = p + 2. Let k(f) = -2*f**2 + 8*f. Let c(l) = 5*l**2 - 23*l - 1. Let a(z) = 3*c(z) + 8*k(z). What is a(b)?
3
Let j(s) be the third derivative of -s**7/5040 - 7*s**6/720 + s**5/60 - 2*s**2. Let y(w) be the third derivative of j(w). Calculate y(-5).
-2
Let c(k) = 2*k**3. Let t = 13 - 12. What is c(t)?
2
Suppose -4*j = -r - 5 - 8, 5*j - 3*r = 18. Suppose 2*g - 5 = 5*p - j*g, 2 = g. Let a(v) = 2*v - 1 - 6*v + 3*v. Give a(p).
-2
Let z(l) be the third derivative of -l**5/60 + l**4/4 - 2*l**3/3 + 23*l**2. Give z(5).
1
Let f be (3 + -2)/(5/(-25)). Let w = f - -2. Let v(r) = r**2 + 3*r + 1. What is v(w)?
1
Let h(p) = -p - 1. Let z(s) = s**2 - 1. Let k be z(-2). Suppose 0 = -k*x - 2*x + 3*q - 50, -5*x - 60 = -5*q. Calculate h(x).
6
Suppose 0*y + 3*y + a + 10 = 0, -a = 1. Let l(o) = o - 3. Give l(y).
-6
Let y(f) = -11*f**2 + 3*f - 1. Let v(p) = -22*p**2 + 7*p - 2. Let w(x) = 3*v(x) - 7*y(x). Let t(q) = -q**3 + 6*q**2 + 1. Let n be t(6). What is w(n)?
12
Let j(u) = -u - 11. Let m(w) = -3*w - 33. Let a(b) = 8*j(b) - 3*m(b). What is a(-8)?
3
Let c = 8 + -6. Let x(u) = -4*u**c - 5 - 2*u + u**2 + 4 + 2*u**2. Calculate x(-3).
-4
Let r(j) = -j**2 + 8*j - 3. Let t(a) = -2*a + 14. Let u be t(6). Suppose -u*g + 5 = -7. Determine r(g).
9
Let v(k) = 5*k - 4*k - 3*k - k**2 + 2*k - 4*k. Suppose -g - 3*j - 7 = -4, 4*g + 3*j + 21 = 0. What is v(g)?
-12
Let f(v) = v + 5. Let y(s) = 1. Let r(t) = f(t) - 3*y(t). Determine r(0).
2
Let j(t) = -t + 1. Let y = -9 + 15. Suppose -5*g + 45 = 3*n, y*g + 15 = 3*n + g. Suppose 31 = 4*k + 4*b + 7, 3*k = b + n. What is j(k)?
-3
Let v(k) = -4*k - 10. Let w(x) = -3*x - 9. Suppose -q + 3*o + 2 = -1, -5*q + 2*o = -15. Suppose 2 = -3*i - 4. Let z(r) = i*v(r) + q*w(r). Calculate z(-3).
-4
Let g(j) = 9*j + 3. Let i(v) = -5*v - 1. Let m(o) = 4*g(o) + 7*i(o). Calculate m(0).
5
Let m be ((-6)/(-12))/((-2)/(-4)). Let z(d) = d**3 - 6*d**2 + 1. Let f be z(6). Let p(c) = -9*c**3 + 0*c**3 + c - f + 0. Calculate p(m).
-9
Let l(r) be the first derivative of -2*r**5/5 - r**4/12 - r**3/6 - r**2/2 + 7*r - 1. Let c(m) be the first derivative of l(m). What is c(-1)?
7
Let j(r) = r**2 + 5*r - 1. Let w be j(-6). Let g = -11 + w. Let h(q) = -q**2 + q - 1. Let d(p) = 3*p**2 + 4*p - 2. Let n(s) = -d(s) - 2*h(s). Give n(g).
4
Let b(o) = 4 + 15*o - o**2 + 5 + 21*o - 42*o. What is b(-7)?
2
Let z(a) = 3*a**2 + 6. Let r(u) = 10*u**2 - u + 19. Let j(q) = -2*r(q) + 7*z(q). Determine j(-3).
7
Let r(x) = -7*x. Let l(j) be the second derivative of j - j**3 + 0 + 1/2*j**2. Let h(n) = -5*l(n) + 4*r(n). Determine h(5).
5
Let f(i) = 3*i + 4. Let w(t) = 3*t + 3. Let y(v) = 3*f(v) - 4*w(v). Give y(2).
-6
Let s(y) = -y - 7. Suppose b = -1 - 5. What is s(b)?
-1
Let x(h) = -3*h - 1. Let u(k) be the second derivative of k**4/12 + 2*k**3/3 - k**2 + 3*k. Let y be u(-4). What is x(y)?
5
Let q(d) = d**2 - 5*d + 2. Suppose 22 + 78 = 5*f. Let a = 18 - 18. Suppose a = -9*k + 4*k + f. Give q(k).
-2
Let k(h) be the second derivative of h**3/6 + h**2 - 2*h. Suppose -4*j - 36 = 4*x, 5*x + 62 = -4*j + 21. What is k(j)?
-2
Let y(h) = -h**2 - 8*h - 4. Let w be 3 + 28/(-8) + 9/(-2). Determine y(w).
11
Let s(z) = 3*z - 3*z + 2*z + 6. Suppose -5*j = 2*o - 23, -9 = j - 0*j - 3*o. Let m be 5/(j/3 + -2). What is s(m)?
-4
Let f(c) be the second derivative of c**3/2 + 2*c**2 + 30*c. Give f(4).
16
Let q(k) = k**2 - 5*k - 3. Let b(h) = h - 7. Let o be b(3). Let m be (-20)/15*18/o. Give q(m).
3
Let c(a) = -a**3 - 8*a**2 - a - 3. Suppose -14*l + 136 = -31*l. Give c(l).
5
Let l(c) be the first derivative of -7*c**3/3 + c**2/2 + c - 2. Suppose 0 = 9*f - 7*f + 2. Determine l(f).
-7
Let z(f) = 7 + f**3 + 33*f + 3 - 7*f**2 - 2 - 34*f. Calculate z(7).
1
Let r(n) = -n**3 - 2*n**2 + 3*n + 1. Let z be -9*((-4)/(-3))/(-4). Suppose -w - z + 0 = 0. Calculate r(w).
1
Suppose -q = -8 + 4. Let d(s) = 99*s + s**3 - 3 - 103*s + 0*s**3 - 3*s**2. Give d(q).
-3
Suppose 3*d = s - 2, -2*s + 5 = -4*s - 3*d. Let i(u) = 6*u**2 + u + 1. Determine i(s).
6
Let k(q) be the second derivative of q**6/30 - q**5/30 + q**4/12 - q**3/6 - 2*q**2 - q. Let g(d) be the first derivative of k(d). Give g(1).
3
Let g be (35/2)/5*2. Let t(u) = -u**2 + 7*u - 1. Give t(g).
-1
Let g(o) = o - 10. Let c(a) = a**2 + 12*a + 6. Let i be c(-12). What is g(i)?
-4
Let m(k) = -k**3 - 4*k**2 - k + 2. Let d = -6 - -3. Calculate m(d).
-4
Let q(o) = 4*o + 5*o**2 + 16*o**3 - 5 - 5*o**3 - 10*o**3. Calculate q(-4).
-5
Let c be 1 - (-3 + 2 - -2). Let u(x) = -2*x**2 + 4 + x**2 + x**3 + x**3 - 3*x**3. Determine u(c).
4
Let w = -5 - -3. Let a(g) be the second derivative of -g**2 - 1/2*g**3 - g + 0. Calculate a(w).
4
Let l(s) = s**3 - 3*s**2 - 6*s + 5. Let 